. Suppose 0 = d - h*d + 55. Is d a composite number?
False
Let p(s) = 50*s - 17 + 16 + 14*s. Suppose 5*w = 21 - 6. Is p(w) a prime number?
True
Suppose -4*f = x - 5833, -4*f - 29808 = -5*x - 763. Is x a prime number?
True
Let p(d) be the second derivative of -d**3/3 - 9*d**2/2 + 2*d. Let h be p(-6). Suppose 3*a - 131 = -h*s + 8*a, 4*s = -4*a + 196. Is s prime?
True
Suppose -d - 10 = -28. Let k = -12 + d. Is k prime?
False
Let s(i) = -i**2 + 17*i + 4. Is s(14) a prime number?
False
Let z(k) = k**3 + 4*k**2 - k. Let w be z(-4). Suppose -i = -5*t + w + 1, 3*t = -4*i + 95. Is 6/(-8) - (-1355)/i a composite number?
False
Let g(u) = 53*u**3 - u**2 + u. Let b be g(2). Is (b/(-4))/((-6)/12) a composite number?
False
Suppose 5*u = 5*q, -q + 0 = -2. Suppose 366 = u*k - 104. Is k a composite number?
True
Let w = 907 + -510. Is w composite?
False
Suppose 4*d = -d + 10. Suppose -d*t = -3*k + 12, -5*k - 5*t + 20 = -0*t. Is k prime?
False
Suppose -3*q - 2*v + 76 = 0, 2*q + 2*v + v - 59 = 0. Is q a composite number?
True
Is 3/(-5) - (-5)/(25/1888) a composite number?
True
Suppose 0 = 2*a + a - 4*t + 30, -4*t - 12 = 4*a. Suppose -3*f - 3*n + 21 = -n, 3 = -n. Is f/(-6)*196/a a composite number?
True
Let a be (-2)/4*(-70)/(-5). Let o = a + 13. Is (-358)/(-3) - 2/o composite?
True
Let k = -280 + -10. Let n(m) = 57*m - 36. Let i be n(9). Let z = i + k. Is z prime?
False
Let k = 679 + -266. Is k a composite number?
True
Suppose 19*w - 23*w = -1772. Is w composite?
False
Let k = 319 - 226. Suppose -85 = -l + 3*a, l - 2*a + 4 = k. Is l composite?
False
Let m = 9 + -6. Suppose -775 = -m*k + 2*h, 3*h - 185 = 2*k - 700. Is k a composite number?
True
Suppose 0 = -4*d + 5*d. Suppose k + d = 7. Is k a prime number?
True
Let c(x) be the second derivative of 2*x**3/3 - 7*x**2/2 - 2*x. Let f be c(-5). Is 8/(-6)*f/6 composite?
True
Let u = 301 - 47. Is u prime?
False
Let t(r) = -4*r + 4*r + 1 - r + 74*r**2. Is t(2) a prime number?
False
Let w = 4 - 2. Suppose -w*p = 2*p - 12. Suppose -2*d - 4*m - 1 = -p, -m = 5. Is d composite?
False
Suppose -2870 + 592 = -2*o. Is o a prime number?
False
Let z(l) = -l**2 - 3*l + 5. Let h be z(6). Suppose y + 4*y - 420 = 0. Let v = y + h. Is v prime?
False
Let x(j) = -j**3 - j**2 - 182. Let b be x(0). Let d(i) = -i**2 + 5*i + 1. Let t be d(6). Is (-3)/t + b/(-5) prime?
True
Let p(w) be the first derivative of -3*w**4/2 + 2*w**3/3 + 3*w**2/2 + 3*w - 3. Is p(-2) prime?
True
Let i(a) be the second derivative of -8*a**3/3 - 3*a**2/2 - a. Is i(-10) composite?
False
Suppose -71 = -0*b - b. Let k = b - -132. Is k prime?
False
Let y(z) = z**2 + 4*z - 4. Let m = 17 - -8. Suppose -4*o + m = v + 6, 0 = 5*v + o - 57. Is y(v) composite?
True
Suppose 0 = 3*j - 3, -3*w + w - 3*j + 7 = 0. Is -2*(-21)/w + 2 prime?
True
Let n(b) = 2*b**3 + 8*b**2 + 11*b - 10. Let h(v) = -5*v**3 - 17*v**2 - 23*v + 21. Let f(y) = 3*h(y) + 7*n(y). Let x be f(6). Suppose x = r - 5. Is r composite?
True
Let a = 8 - 10. Let x be -699*(2/(-3))/a. Let l = x + 396. Is l a prime number?
True
Let s = -664 - -1133. Is s prime?
False
Let i(g) = -4*g + 2317. Is i(0) composite?
True
Suppose -161 = 2*i - 3*p - 676, 0 = -p + 5. Is i a prime number?
False
Is ((-9783)/(-36))/((-2)/(-8)) prime?
True
Let c(a) be the first derivative of 63*a**4/4 + 4*a**3/3 + a**2 + 2. Let b be c(-2). Let j = 703 + b. Is j prime?
True
Let s be ((-1)/1)/(6/(-12)). Suppose -222 = -s*b - 4*k, -15 = -5*b - 5*k + 545. Is b a prime number?
True
Let p = -165 + 306. Is p composite?
True
Let j be 0 + 0 + (-9 - -10). Suppose -12 = -i + j. Is i prime?
True
Let d = 0 + 4. Let v = 5 - -7. Is v/d*(-37)/(-3) prime?
True
Let j = 96 + -61. Is j prime?
False
Suppose 5*f + 2 = -2*u, -2*f = -5*u + 3 + 21. Suppose -1458 = -u*v + 2. Is v a prime number?
False
Let c(b) = 2*b**2 + 9*b + 4. Let t be c(8). Let l = -19 + t. Is l composite?
True
Suppose 4*u + 7 = -3*u. Let b(c) = -c - 25*c**3 - 9*c**3 + c**2 - 2*c**2. Is b(u) a composite number?
True
Suppose -5 = -m - 7, 0 = 2*s - 4*m - 4366. Is s a composite number?
False
Let p(u) = -3*u + 4*u - 6 + 16. Let o be p(-8). Suppose -142 + 34 = -o*t - 2*z, -z - 174 = -3*t. Is t a composite number?
True
Let g = 8 + -7. Let p(o) = -o**3 + 3*o**2 - 8*o + 5. Let h(f) = f**3 - 1. Let v(t) = g*p(t) + 2*h(t). Is v(5) prime?
True
Let z(t) = 2*t**3 - 2*t**2 + 5*t + 1. Let l(k) = -k**2 + k. Let j = 9 + -6. Let u(d) = j*l(d) - z(d). Is u(-2) a composite number?
True
Let t = 66 + -16. Suppose u = -4*u + t. Is u prime?
False
Let f = 639 + -428. Is f a prime number?
True
Let s(c) be the third derivative of c**6/120 + c**5/6 - c**4/8 - 5*c**3/2 - c**2. Is s(-10) a composite number?
True
Is (-2)/8 + ((-303)/(-12) - 6) prime?
True
Let u = -1119 - -702. Let r = -290 - u. Is r a prime number?
True
Is ((-1916)/(-6))/(26/39) prime?
True
Suppose -9 = -3*t - 3. Let z(w) = -t*w - 13*w - 1 - 9*w. Is z(-2) a prime number?
True
Suppose 0 = 4*c - 9 - 11. Suppose 2*k - 2*w = 792, 3*k = k + c*w + 795. Is k prime?
False
Let d = -192 - -338. Let t = d + -97. Is t composite?
True
Let d(y) = -20*y**3 + y**2 + y + 7. Is d(-3) a composite number?
True
Let x(m) = m**3 - 2*m - 2. Let g = -4 - -5. Let l be 2*(10/4 - g). Is x(l) a composite number?
False
Suppose -8 - 17 = -2*k - 5*o, 4*o - 11 = -k. Is k composite?
True
Is (1 + -1)/2 - -3235 prime?
False
Let d(a) = 6*a**2 + 8*a - 15. Is d(-7) a prime number?
True
Let d = -5 + 27. Let u be (-2)/(-8) + (-39)/12. Let c = u + d. Is c a composite number?
False
Let x = -11 + 14. Suppose x*y = -2*b + 28, -4*y + 6*b = 2*b - 4. Is y a prime number?
False
Suppose 83 = -p - 6. Let y = 160 + p. Is y prime?
True
Let q be 8/6 - (-12)/18. Suppose r + 0*r = 3*y - 107, -q*y + 58 = -4*r. Is y prime?
True
Let x be 46/8 + (-3)/(-12). Let q = 1 + x. Suppose -2*m + q*m = 45. Is m prime?
False
Let j = 1 - -2. Suppose u - j = -7, -4*i + 4*u + 248 = 0. Is i prime?
False
Let x(k) = k. Let u be x(-2). Let j = u - -4. Is 1*j/(-1) + 21 a composite number?
False
Let t = -15 - -18. Suppose r = -t*q + 2*r + 920, 320 = q - 3*r. Is q a composite number?
True
Suppose -5*b - 2*f + 10 = -20, -b + 6 = 5*f. Let p = -20 + b. Is (-4)/p + 2661/21 prime?
True
Suppose 5*c = 5*t + 55, -c + 3*c = -4*t + 16. Let h = c - 8. Suppose -182 = -h*p + 72. Is p composite?
False
Let y(f) = -f**3 - 7*f**2 + 11*f - 11. Let u be y(-10). Suppose 4*r - 156 = -4*m, -u = -5*r + 3*m - 0*m. Is r a prime number?
True
Let v(r) = 2*r - 4. Let h be v(3). Let g(p) = -4*p**2 + 2 + 3*p - 6*p**3 + 2*p + 2*p**h. Is g(-3) composite?
False
Suppose 14 = 5*h - 4*f, -4*h - 4*f = -2*h. Suppose 2*l + g - 1229 = -484, -2*l - h*g = -744. Is l a prime number?
True
Let v(l) = 479*l**2 - 1. Let b be v(-1). Let h = b + -243. Is h composite?
True
Let s = -68 - -207. Is s a prime number?
True
Let t(g) = -g**2 - 9*g - 13. Let b be t(-6). Suppose 190 = b*f - 505. Is f a composite number?
False
Let f = -356 - -949. Let l = f - 384. Suppose 0 = -4*s - j - 23 + l, 3*s = j + 143. Is s a prime number?
True
Let x be 10/(-25) + (-27)/(-5). Let u = -6 - -8. Suppose -x*l = 3*r - 10 + u, 0 = 5*r - 5*l - 40. Is r a prime number?
False
Let u(a) = 3*a + 15. Let b be u(7). Is ((-268)/(-6))/(24/b) composite?
False
Let f(w) = -11*w - 1. Suppose 4*x = -8 - 4. Let p = x - -1. Is f(p) composite?
True
Let n be ((-3)/(-9))/((-2)/(-294)). Let i(s) = 9*s**2 - 3*s + 7. Let k be i(-7). Suppose k = 2*y - n. Is y a composite number?
True
Suppose o - 104 + 27 = 0. Is o a prime number?
False
Suppose 2*r + 9 - 21 = 0. Is r a composite number?
True
Let w = -7 + 11. Suppose -9 = -n + w. Is n composite?
False
Suppose 85 = 2*u + 3*i, -3*i - 43 = -3*u + 47. Is u prime?
False
Suppose -6*c - 211 = -7*c. Is c prime?
True
Suppose -6*l = 2 - 14. Suppose -167 = -3*o + 4*a, -l*o + 3*a + 117 = 6. Is o a prime number?
False
Let n = -4 + 4. Let f be 9 + (-2 - (-3 - -3)). Let a = f + n. Is a a composite number?
False
Suppose 658 = 5*t - 3*t. Is t a prime number?
False
Suppose -4*b - 992 = -4*q - 0*q, -b + 3 = 0. Is q a prime number?
True
Suppose -6*b + 5*y = -b - 19960, -2*b - 5*y + 7963 = 0. Is b a composite number?
False
Suppose -477 = -26*l + 23*l. Is l a composite number?
True
Let u = 1 + 0. Is 2 + 0 + 35*u a composite number?
False
Let r be (3/(-6))/((-1)/4). Let x(l) = -r*l**3 - 8 + 9*l - 7*l**2 - l**3 + 4*l**3. 